+ f + 2725 = 0. What is the hundreds digit of x?
5
Let s = -1886 + 1898. Let i = -10 + 17. Suppose i*w - s = 1283. What is the units digit of w?
5
Let u(r) = 80*r**2 + 29*r - 1. Let t be u(-6). Suppose -t = -11*a + 6*a. What is the units digit of a?
1
Suppose 3*y - 4 = 2, 0 = -3*z - y - 28. Let x(l) be the first derivative of l**3/3 + 9*l**2/2 + 11*l + 21. What is the units digit of x(z)?
1
Suppose 0 = -126*w + 89*w + 764790. What is the hundreds digit of w?
6
Suppose 3*g - 5*y - 63790 = 0, -2*g - y - 10374 = -52918. What is the ten thousands digit of g?
2
Suppose x + 18932 = 4*x - c, -3*x = -3*c - 18930. What is the thousands digit of x?
6
Let l(w) = -154*w + 2. Let t be (35/15)/(-7) - 8/12. What is the hundreds digit of l(t)?
1
What is the thousands digit of 155339/5 + 2295/(-1275)?
1
Suppose -2*t + 2*m - 1315 = -241, -3*t + 4*m - 1608 = 0. Let l = t - -1213. What is the tens digit of l?
7
Let z(y) be the third derivative of 3*y**4 + 5*y**3/2 - 6*y**2. Let v be z(4). Suppose 2*o = v + 111. What is the hundreds digit of o?
2
Let g(w) = 1 + 0*w**2 + w**3 + 5*w**2 + 2*w**3 - 3*w - 2*w**2. Let d be g(1). What is the tens digit of d - 255/(-3) - 0?
8
Suppose -8*c + 42842 + 10851 = -47731. What is the ten thousands digit of c?
1
What is the hundreds digit of ((-180)/(-75))/(8/12780)?
8
Let h(i) = -52*i**3 + 5*i + 5. Let p be (-1 - 0)/(1/2). What is the tens digit of h(p)?
1
Suppose -968542 = -124*l + 334278 + 106936. What is the units digit of l?
9
Suppose 71045 = 4*n - 0*n - 3*v, -2*n + 35530 = -4*v. What is the tens digit of n?
5
Suppose 11*a = 9*a, -4*a = -4*y + 8. Suppose 10 = -2*l, -y*s + 1314 - 327 = l. What is the tens digit of s?
9
What is the units digit of 11340000/406 + 8/(-232)?
1
Let y(o) = 1292*o - 2492. What is the hundreds digit of y(14)?
5
Let u(p) = -24*p - 14. Let r be u(-5). Suppose 0*c - 80 = -c. Let y = r + c. What is the units digit of y?
6
Suppose 0 = -12*j + 13*j - 3. What is the units digit of j/((-5)/152*(-5)/25)?
6
Let u be (-63)/126*(1 - 1). Suppose 0 = 2*s - 10, u = -2*k - s - 2*s + 1289. What is the hundreds digit of k?
6
Let r = -3 - 3. Let t(v) = 2*v - 25. Let k(m) = m - 25. Let i(q) = r*t(q) + 5*k(q). What is the units digit of i(-11)?
2
Let o(d) = 44*d + 102. Suppose -5*j - 24 = -3*k, -2*k = -k - 4*j - 8. What is the tens digit of o(k)?
5
Let i be -5 - (5 + 28668/(-6)). Suppose 0 = -31*g + 23*g + i. What is the units digit of g?
6
Let k(d) = -8*d - 19. Let c(i) = -i**3 - 2*i**2 - i - 42. Let w be c(0). Let x = w - -25. What is the tens digit of k(x)?
1
Suppose -59*x = -17*x - 653898. What is the hundreds digit of x?
5
Suppose 4*y + 29 = 4*t + y, 4*y + 20 = 3*t. Suppose -t*b = -b - 126. Suppose -b*h = -h - 3910. What is the units digit of h?
0
Let z = 87 + -60. Suppose -1213 - z = 5*h. Let k = 360 + h. What is the tens digit of k?
1
Let u(v) = -v**2 - v - 1. Let m(n) = 6*n**2 - n + 10. Let o(p) = m(p) + 2*u(p). Suppose 5*l - 23 = 2. What is the tens digit of o(l)?
9
What is the ten thousands digit of (5490/(-75))/(14/(-2065))?
1
Suppose 4386438 = 23*z + 70*z. What is the thousands digit of z?
7
Let n(c) = 2*c**2 + c - 4. Let j be n(-3). Let h be j/9 - 16/72. What is the hundreds digit of (-251)/(-2) + h/(7 + -5)?
1
Let x(i) be the first derivative of 2*i**4 + i**3 + i**2 + 2*i - 8. Let m(w) = w**2 + 17*w - 57. Let s be m(-20). What is the hundreds digit of x(s)?
2
Suppose 24*p = 60*p + 143936 - 638720. What is the thousands digit of p?
3
Let g = 6367 + -4458. What is the hundreds digit of g?
9
Let o(u) = -4120*u + 2493. What is the thousands digit of o(-2)?
0
Suppose -14*j + 9438 = -8090. Suppose -k + 4*k - j = -5*i, 3*i - 2*k - 736 = 0. What is the tens digit of i?
4
Let h = 12 + -5. Let t be 8/(-36) + h/(-9). Let n(l) = l + 3. What is the units digit of n(t)?
2
Let t(v) = 6188*v**3 + 2*v - 4. What is the tens digit of t(1)?
8
Let z(t) = -t**3 + 4*t**2 - 7*t + 30. Let n be z(4). Suppose 4104 = 25*k + n*k. What is the hundreds digit of k?
1
Suppose i + i + 4*t = 18, 0 = 5*i + t - 9. Let g be (6/4)/(i*6/(-40)). What is the hundreds digit of (-1*(0 - -1))/(g/2990)?
2
Let u be (-3)/4 - 8142/(-8). Let v = u - 502. What is the units digit of v?
5
Suppose 5*f + 43596 = 4*s, -5*s - 3*f + 54495 = -0*s. Suppose 27*o - s = 6*o. What is the units digit of o?
9
Let v be (((-8)/18)/1)/(36/(-162)). Suppose v*m - 786 = -10. What is the units digit of m?
8
Let n(z) = -z**2 + 16*z - 8. Let v be n(15). Let q be 6/(-2)*v/(-7). What is the units digit of 10 - 10 - (q*-6 - -2)?
6
Let q(a) = -3*a + 115. Let x be q(29). Suppose x*d - 6255 = 23*d. What is the thousands digit of d?
1
Let p be 2 + 14 - 120/20. Suppose p*h - 6513 = -1993. What is the hundreds digit of h?
4
Let i be 1 - 4/((-12)/21). Suppose i*v + 6*v = 1918. What is the units digit of v?
7
Let j(x) = 23*x + 5. Let i be j(4). Let v = 883 + -931. Let a = v + i. What is the units digit of a?
9
Suppose 2*c + 0*u - 1 = 5*u, 4*c = 3*u + 23. Suppose -c*g + 908 = -428. What is the tens digit of g?
6
Suppose -12*m - 319 = -1099. Let d = 390 - m. What is the tens digit of d?
2
Let o(v) be the first derivative of -2*v**2 - 33 + 12*v**2 - 20*v + 10. What is the hundreds digit of o(6)?
1
Let b = 867 + -486. Suppose -2*q - 39 = -b. Let a = -85 + q. What is the units digit of a?
6
Let s(t) = -t**2 - 4*t + 7. Let c(i) = -i**3 - 5*i**2 + 7*i + 3. Let d be c(-6). Let m be s(d). What is the units digit of 2/(m/5) + 5?
6
Suppose 0*s + 2*t = -s + 9, s + 6 = t. Let j be ((s - 1) + -2)*-1. What is the units digit of j/10 + (-1840)/(-25)?
4
Suppose 264755 + 84650 = 49*g + 2387. What is the hundreds digit of g?
0
Let p be 3/((-81)/(-6)) + (-10)/45. Suppose -4*m + 3*m + 272 = p. What is the tens digit of m?
7
Let u be -2*(-3)/(-18) + 25/(-15). Let w be u/(-9) - 4/18. Suppose 2*a + 376 - 488 = w. What is the units digit of a?
6
What is the tens digit of 8/(-5) + (-609026)/(-235)?
9
Suppose 0 = 2*y - 4*v - 18, 3*y - 5*v - 25 = -v. Let i(u) = 33*u + 128. What is the units digit of i(y)?
9
Suppose 0 = b + 3*b + n + 17, -5 = n. Let o be ((-30)/(-35))/(b/21). What is the tens digit of (-30)/(o/(-15) + (-62)/80)?
8
Let g = -54 + 56. Suppose -g*j = 4 - 2. What is the units digit of (-272)/(-340)*(0 + (34 - j))?
8
What is the thousands digit of (16970/3)/(11 - ((-465)/(-9))/5)?
8
Let w(o) = -15*o**3 + 13*o + 8332. What is the units digit of w(0)?
2
Let c = 62 + -57. Suppose -95 - 265 = -5*x + c*p, x - 2*p = 73. Suppose 2*i = 3*f + x, 5*i - 81 = 2*i - 4*f. What is the tens digit of i?
3
Suppose -101*d + 33855 = -95036 - 47960. What is the tens digit of d?
5
Let w(x) = -2185*x - 3302. What is the tens digit of w(-18)?
2
What is the thousands digit of 3269 + 60/(-3) + 14?
3
Let k be (-2)/4 - (-45)/10. Let l(u) = 3*u**2 - 4*u - 4. Let s be l(k). Let x = s - 20. What is the units digit of x?
8
Let t(w) = 185*w**3 + 8*w**2 - 29*w + 47. What is the tens digit of t(6)?
2
What is the tens digit of (-64)/48 - (-50240)/15?
4
Suppose -136*t - 186253 + 789685 = 0. What is the tens digit of t?
3
Let p be 2/(-8) - ((-1776144)/64 + 11). What is the thousands digit of (0 + -3)*p/(-63)?
1
Let h = 25 - 31. Let m(d) = -22 - d - d**3 + 16*d + 30 - 3*d**2. What is the units digit of m(h)?
6
Let p = 72 + -65. Suppose -448 = p*b + b. Let h = b + 133. What is the units digit of h?
7
Let s = 46 + -47. Let f be (-3 - s)*(4 - 0). Let p = 14 + f. What is the units digit of p?
6
Suppose -11*w + 6687 = p - 14*w, w - 13402 = -2*p. What is the tens digit of p?
9
Let n = -235 + 828. What is the hundreds digit of n?
5
Suppose 72 = 31*c - 29*c. Suppose 4*z + 4*n = c, -z = -0*z + 2*n - 10. Suppose -z*k + 243 = k. What is the tens digit of k?
2
Suppose 0 = 20*v - 92613 - 389267. What is the tens digit of v?
9
Let s be (-1)/(3/6*-1) + 1. Suppose 93 = n - t, -t = n - s*t - 98. Let a = -42 + n. What is the units digit of a?
6
Let m = 24875 - 1573. What is the thousands digit of m?
3
Let w be ((-290)/(-87))/((-2)/201). Let u = w + 9. Let j = -226 - u. What is the tens digit of j?
0
Let f = 6930 + -4552. Let p = 3359 - f. What is the hundreds digit of p?
9
Suppose -3*u = -y + 7, 6*y + 4*u + 6 = 7*y. What is the tens digit of 1 - y/8 - 15732/(-16)?
8
Suppose -4*m - 5 = -17. Suppose m*o - 416 = -o. Let l = -12 + o. What is the units digit of l?
2
